Suppose -2*g = 2*f - 124, 2*f - 5 = 5. Calculate the remainder when g is divided by 20.
17
Let r be 5440/15 + (-2)/3. Suppose -g - 2*g + r = -5*q, -g + 102 = 3*q. What is the remainder when g is divided by 29?
27
Suppose 9*r = 4*r - 3*a + 8, 2*r = 3*a + 20. Let i = 18 + -11. Calculate the remainder when i is divided by r.
3
Suppose -g - 5*b = 2*g - 77, 4*g - 5*b - 161 = 0. Suppose 5*t - 62 = x, 5*t - g - 36 = 5*x. Let l = 110 - 76. What is the remainder when l is divided by t?
10
Suppose -4*x + 96 = -4*z, -x = x - z - 47. Let p(k) = -k**2 + 11*k - 16. What is the remainder when x is divided by p(8)?
7
What is the remainder when 24/16*8/2 is divided by 4?
2
Let r(f) = -18*f - 4. Let k be r(-3). Suppose y + 18 = k. Let s = y + -22. What is the remainder when 29 is divided by s?
9
Suppose -2 = v - s, 2*s - 16 = -7*v + 3*v. Calculate the remainder when 27 is divided by v.
1
Let z be 1*(-2)/2 + 29. Suppose r + r = z. Calculate the remainder when 27 is divided by r.
13
Suppose -63 + 2 = -4*k + 3*g, -2*k + 23 = g. What is the remainder when 23 is divided by k?
10
Let i = 134 + -99. Calculate the remainder when i is divided by 4.
3
Let c(o) = o**2 - 9*o + 5. Let w be c(9). Suppose -5*h - 4*k = -23, -3*k + w*k = h - 13. Calculate the remainder when h is divided by 3.
1
Let k(x) = x**2 + 3*x + 7. Suppose 20*m - 18*m = 10. What is the remainder when k(-5) is divided by m?
2
Let f(u) = u**2 + 7*u + 8. Let w(y) = -7*y**3 - y**2 - y - 1. Let h be w(-1). Calculate the remainder when 9/6*8/h is divided by f(-6).
0
Let u(j) = -28*j - 80. Let p(t) = -31*t**3 - t**2 + t + 1. Calculate the remainder when u(-6) is divided by p(-1).
28
Let s be 0/(2 - (5 - 1)). Suppose j = -s*j + 59. Let v(f) = 20*f**2 + f + 1. What is the remainder when j is divided by v(-1)?
19
Suppose o - y - 27 = 0, 68 = 3*o - 5*y - 23. Let a = -6 - -23. What is the remainder when 2/(-11) - (-730)/o is divided by a?
16
Calculate the remainder when 95 is divided by 51/(-85) + (-4)/10 - -49.
47
Let l = -3 + 7. Suppose -l - 1 = -b. Suppose -2*u = -b - 3. What is the remainder when 10 is divided by u?
2
Suppose 0 = -g - 1 + 5. Suppose -5*f = g*t - 81, 8*f - t - 48 = 4*f. Suppose -85 - 63 = -4*r. What is the remainder when r is divided by f?
11
Suppose -4*a - 26 = 22. Let q = 34 - 55. Let r = a - q. Calculate the remainder when 25 is divided by r.
7
Suppose 0*x = -x + 16. Let z = -79 - -141. What is the remainder when z is divided by x?
14
Suppose -4*c - 14 = -6*c + 5*w, 28 = 4*c + 3*w. What is the remainder when 31 is divided by c?
3
Let t(p) = -31*p + 1. What is the remainder when t(-1) is divided by 17?
15
Suppose -2*z - 112 + 160 = 0. Let u = -13 + 22. Calculate the remainder when z is divided by u.
6
Suppose 5 = t, 4*j + 4*t = -10 + 42. What is the remainder when j is divided by 1?
0
Suppose -2*v + 3 = -9. Calculate the remainder when 22 is divided by v.
4
Suppose 0 = 12*w - 15*w + 81. What is the remainder when w is divided by 7?
6
Let p(j) = 67*j**3 - j**2 - j + 2. Let q(g) = -4*g + 5. Calculate the remainder when p(1) is divided by q(-3).
16
Let w(l) = -l**2 + 3*l + 5. Let y be w(5). Let u = 2 - y. What is the remainder when u is divided by 3?
1
Let r = -19 + 21. Suppose 2*u + 3*h - 3 - 8 = 0, r*h = u - 23. Calculate the remainder when 51 is divided by u.
12
Suppose 0 = -3*r + 6*r + 12, -5*r - 66 = -2*k. Calculate the remainder when k is divided by 9.
5
Let k(y) = 2*y**2 - 2*y + 2. Let z be k(2). Suppose 4*g = z*g - 6. Suppose 75 = 2*u + g*u. Calculate the remainder when 44 is divided by u.
14
Let o = 210 - 68. What is the remainder when o is divided by 9?
7
Suppose 7*i + 4*q + 24 = 3*i, 0 = -2*i - 3*q - 13. Let c be (8/10)/((-2)/i). Suppose c*u - 17 = 2*b + 5, b = 2. Calculate the remainder when u is divided by 4.
1
Let m = 94 + -62. Suppose 2*o - x + 28 = -44, -x - 103 = 3*o. Let v = -24 - o. What is the remainder when m is divided by v?
10
Suppose 2*k - 75 = -k. Let c = -32 - -23. Let n = k + c. What is the remainder when 46 is divided by n?
14
Let x(f) = 35*f**2 + 3*f - 2. Calculate the remainder when x(1) is divided by 13.
10
Let x(u) = -u + 7. What is the remainder when 29 - ((-19)/(-5) + (-2)/(-10)) is divided by x(-6)?
12
Suppose 3*d - 8 = d. Suppose 5*x - 45 = d*x. Suppose 60 + x = 3*v. What is the remainder when v is divided by 19?
16
Suppose 154 = 4*f + 26. Calculate the remainder when 62 is divided by f.
30
Let o = -56 - -61. What is the remainder when o is divided by 1?
0
Let f = -6 - -33. Let k = f + 26. Let g = 23 - 5. Calculate the remainder when k is divided by g.
17
Suppose -5*h = -17 - 18. What is the remainder when h is divided by 5?
2
Suppose -x + 15 = 2*x, 0 = 4*p + 4*x - 96. Calculate the remainder when 73 is divided by p.
16
Let d = 103 - 86. Calculate the remainder when 30 is divided by d.
13
Suppose 0 = -4*c + 2*n + 70 + 278, 2*c - 5*n - 182 = 0. Calculate the remainder when c is divided by 25.
11
Let q(j) = -7*j**3 - 12*j**2 + 6*j - 4. Let w(p) = -6*p**3 - 11*p**2 + 6*p - 3. Let o(t) = -5*q(t) + 6*w(t). Calculate the remainder when o(-7) is divided by 4.
1
Let o(x) = 3*x - 19. What is the remainder when 20 is divided by o(9)?
4
Let f = 37 - 21. Suppose 0 = 4*w - f, -3*b - b + w = -32. Calculate the remainder when 50/3 + 3/9 is divided by b.
8
Suppose 2*j - 2*x = -j - 9, -2*j + 3*x = 1. Let c(n) = n**2 + 4*n. Suppose -4 = -3*k - 5*u, 5*u + 7 + 10 = 4*k. What is the remainder when c(j) is divided by k?
2
Suppose 2*r = -3*r - 35. Let v(t) = -t**3 - 7*t**2 - 2. Let m be v(r). Calculate the remainder when 28 is divided by (2 + m)/3 + 15.
13
Let t(z) = 8*z - 1. Calculate the remainder when 38 is divided by t(1).
3
Suppose 5*q + 4*t = 63, 3*q - 27 = -0*t + 3*t. What is the remainder when 27 is divided by q?
5
Suppose 3*b - 5*p + 13 = 0, -p = -5*b + 2*p + 5. Suppose -j + b*j - 4*g + 8 = 0, -5 = -g. What is the remainder when 13 is divided by j?
1
Suppose -6*x + x = 0. Suppose 2*c = -x*c + 104. Calculate the remainder when c is divided by 14.
10
Let p = 61 + -42. What is the remainder when p is divided by 10?
9
Let t(b) = -14*b**3 - b**2. Let i(r) = 7*r + 1. Let y(d) = d. Let l(c) = -i(c) - 3*y(c). What is the remainder when l(-5) is divided by t(-1)?
10
Suppose 4*c - 336 + 56 = 0. Calculate the remainder when c is divided by 19.
13
Suppose 41 = 4*y - 3*y - 5*k, 3*y = -4*k + 85. Let r be (-12)/2*(-18)/4. Let m = -16 + r. Calculate the remainder when y is divided by m.
9
Let g(a) = -a**2 - 11*a - 8. Calculate the remainder when 46 is divided by g(-8).
14
Suppose -2*v = v - 15. Suppose -v*f + 81 = -44. What is the remainder when f is divided by 9?
7
Suppose -3*l + 23 = 4*f - 8*l, -4*f - 5*l - 7 = 0. Suppose -f*k + 56 = -36. Let b(q) = 8*q. Calculate the remainder when k is divided by b(2).
14
Suppose -2*k - 20 = -4*k. Suppose -k = 2*m - 4*m. Suppose 2*g = 4, 0 = m*z + 4*g - 0*g - 103. What is the remainder when z is divided by 7?
5
Suppose -6 + 0 = -2*j. What is the remainder when 10 is divided by j?
1
Let f(s) be the second derivative of s**3/6 - s**2/2 - s. Let d be f(7). Calculate the remainder when 29 is divided by (d/(-15))/((-1)/20).
5
Let s(u) = -u**3 - 10*u**2 - 18*u - 2. What is the remainder when s(-8) is divided by 5?
4
Suppose -17 = -2*t + 5. Calculate the remainder when 30 is divided by t.
8
Let i(j) be the third derivative of j**4/12 - 3*j**3 - 5*j**2. Calculate the remainder when 7 is divided by i(11).
3
Suppose -g - 2 = -0. Suppose 3*t = -0*t - 12. Calculate the remainder when 2 + t*g/4 is divided by 2.
0
Let x(q) = q**2 + q - 2. Let s(i) = -12*i + 1. Let b be s(-1). Suppose -5*h = -b - 2. Calculate the remainder when x(h) is divided by 4.
2
Suppose -4*a = a - 15. Let k(s) = -3*s**a + 2 - 3*s**2 + 2*s**3 + s + 3*s**3 - 4. Calculate the remainder when 11 is divided by k(2).
3
Let f(z) = -2*z**2 + 5*z**2 + 9*z**2. Suppose -c - 8*u + 9 = -3*u, -c = -4*u + 9. What is the remainder when 23 is divided by f(c)?
11
Suppose -8 = 3*c + c. Let s = 8 + c. Suppose s*n = n + 80. What is the remainder when 30 is divided by n?
14
Let h be (-2)/(-6)*1*3. Let j(i) = -i**2 + i. Let f be j(h). Suppose 5*t - 5*q - 120 = f, -80 - 19 = -4*t + q. What is the remainder when t is divided by 9?
7
Calculate the remainder when (15/9)/(0 + (-1)/(-21)) is divided by 10.
5
Suppose -5*v 